456 = 0. Calculate the highest common factor of p and 9.
9
Let s(v) = v**2 - 7*v + 14. Let w be s(4). Calculate the highest common divisor of 50 and w.
2
Let d = -8 - -5. Let b = -3 - d. Suppose a + z = 21, b = 4*a - 3*z - 2*z - 57. Calculate the greatest common divisor of 45 and a.
9
Let s = 1 + 5. Suppose -t + 2*t = 3. Suppose -2*x = t*x - 30. What is the greatest common divisor of x and s?
6
Suppose 0 = -12*k + 9*k + 39. What is the highest common factor of k and 26?
13
Let a = -307 - -373. Let b(q) = 3*q**2 + 2*q. Let l be b(4). Suppose 120 = 4*m - l. What is the highest common factor of m and a?
22
Let t(w) = 6*w**2 - 2*w - 2. Let c be t(-1). What is the highest common divisor of c and 48?
6
Suppose 0 = 3*b + 3 - 9. Let z(n) = 2*n**3 - 2*n + 2. Let v be z(b). Let t = v - 8. What is the highest common divisor of 54 and t?
6
Let k(s) = -s + 38. Let c be k(36). Calculate the greatest common factor of 22 and c.
2
Let c(n) = n + 8. Let r be c(-6). Suppose 3 = x - r. Suppose -5*h = -w - 27, -h + x*w - 3 = h. Calculate the highest common divisor of 4 and h.
2
Let u = 99 - 61. What is the greatest common factor of u and 57?
19
Suppose 0*b + 3 = b. Suppose y = b*j + 42, 0*y = 2*y + 5*j - 73. What is the highest common factor of y and 13?
13
Let a be 10/3*(-762)/(-4). Suppose -4*b = -a + 155. What is the highest common factor of 15 and b?
15
Suppose t + 5*z + 15 = -4*t, 0 = -3*z - 12. Calculate the greatest common divisor of t and 2.
1
Let p be (-4)/((-16)/(-14))*-2. Let q = p + -2. Suppose -y = -2*y + 1. Calculate the highest common divisor of q and y.
1
Suppose k - 37 = 5*t, 6*k - t - 41 = 3*k. Calculate the highest common divisor of k and 18.
6
Let b = -36 - -40. Suppose 5*g - 8 = 2. What is the highest common divisor of b and g?
2
Let b(q) = -q**2 - 8*q - 8. Let o be b(-6). Let k be (-152)/6*(-6)/o. Suppose 4*g - 58 = k. What is the greatest common factor of 12 and g?
12
Let d be ((-22)/5)/(4 - 81/20). What is the greatest common divisor of d and 8?
8
Let c = -97 + 142. What is the greatest common factor of c and 15?
15
Let y(w) = w**2 + 6*w - 7. Let d be y(-7). Suppose 2*h - 5*k - 84 = -0*k, -2*h - 3*k + 84 = d. What is the highest common divisor of h and 14?
14
Suppose -21 = -3*l + 4*n + 15, -2*n - 30 = -3*l. Let t = 95 + -55. Let m be (84/10)/(6/t). What is the highest common factor of m and l?
8
Suppose 0 = n + 3*n. Suppose n = -3*w + 23 + 10. Let y = 4 + w. What is the greatest common factor of y and 60?
15
Suppose -114 = -13*i + 536. What is the greatest common divisor of i and 550?
50
Suppose -240 = 3*p - 8*p. Calculate the greatest common factor of p and 36.
12
Let y be 1242/66 + (-2)/(-11). Let l be (-2 - 0 - -3) + 1. Suppose -l*x - 38 = -4*x. Calculate the greatest common factor of x and y.
19
Let q = 116 - 106. What is the greatest common factor of 20 and q?
10
Let s be -1*3/(-6)*0. Suppose s = 2*h - 147 + 43. Calculate the highest common factor of h and 13.
13
Let d = 147 + -137. Let y = 49 - 29. Calculate the highest common factor of d and y.
10
Suppose 11*i = 4*i + 441. Calculate the greatest common divisor of i and 9.
9
Let s = -31 + 39. Suppose -3*m = -4*m + 11. Suppose 2*w + 1 = -3*c + m, 5*w = -4*c + 18. Calculate the highest common divisor of w and s.
2
Let n = 5 + 4. Suppose 3*l - n = 6. Calculate the highest common factor of l and 20.
5
Let z = 37 - 26. Calculate the highest common divisor of z and 99.
11
Let s(c) = -13*c - 32. Let q be s(-3). Let l = -20 + 55. What is the highest common divisor of l and q?
7
Let m(y) = 9*y**3 + 2*y**2 + y - 2. Let i be m(2). Let l = 58 + -38. Calculate the greatest common divisor of i and l.
20
Let u(i) = 43*i**2 - 2*i + 1. Let x be u(1). Suppose -j + 0*h + 2*h - 27 = 0, -h = -3*j - 66. Let g = x - j. What is the greatest common factor of g and 9?
9
Suppose -3*f = -9 + 3, 3 = 3*u - 3*f. Suppose 13 = -u*r + 328. Suppose 2*q - 41 = -11. Calculate the highest common factor of r and q.
15
Let a = 18 + -7. Suppose 0 = w - 9 - 79. Calculate the greatest common divisor of a and w.
11
Let s(m) = 50*m**3 - 4*m**2 + 2*m + 3. Let w be s(2). What is the highest common divisor of w and 17?
17
Let s(g) = 4*g**2 - 4*g. Let x be s(3). Let l(i) = x + i + i**2 - 5*i - i**3 + 3*i. Let o be l(0). Calculate the highest common factor of o and 12.
12
Let b be 5/(-2)*(-8)/10. Let z(j) = -2*j**3 + 2*j**2 + 4*j + 2. Let w be z(-2). Calculate the highest common divisor of w and b.
2
Let i(c) = c**3 + 4. Let u be i(0). What is the greatest common factor of 1 and u?
1
Suppose -2*k + 346 = 4*m, -5*m + 2*k = -0*k - 446. What is the highest common divisor of m and 8?
8
Let i(v) = -2*v + 19. Let z = 1 + -1. Let w be i(z). What is the highest common divisor of 38 and w?
19
Let j = 57 + -41. Suppose 3*r = -2*v + 19, 3*v - j - 11 = -4*r. Calculate the highest common factor of 10 and v.
5
Let x = 27 + 13. Let k = 0 + 5. Suppose -3*y + 29 = m - 5, k*y + 5*m = x. What is the greatest common divisor of y and 143?
13
Let j(s) = -3*s - 13. Let i be j(-6). Calculate the greatest common divisor of i and 25.
5
Let m be (5 + 1)*(-1)/(-2). Let w be m - 0 - (-17 + 11). Calculate the greatest common divisor of 81 and w.
9
Let p = 33 + -17. Calculate the highest common factor of p and 2.
2
Suppose 2*n + 1 = 11. Suppose n = -2*z + 17. Let y = 38 - 32. Calculate the greatest common divisor of y and z.
6
Let o be 2/(3*(-2)/(-30)). Calculate the highest common factor of 100 and o.
10
Let f(y) = -y + 28. Let t be f(16). Calculate the greatest common divisor of 12 and t.
12
Let j = 3 - 3. Let k(w) = w**3 + w**2 - w + 20. Let u be k(j). Calculate the highest common factor of 8 and u.
4
Let x = 17 - 9. Let k = 10 - x. Suppose 146 = 6*o - k*o + 2*d, 2*d - 107 = -3*o. What is the highest common divisor of 13 and o?
13
Let j = 1 - 0. Let r(o) = o**3 - 5*o**2 + 2*o - 4. Let i be r(5). Suppose -i*c + 23 = -l - c, -4*c + 24 = 2*l. Calculate the highest common factor of l and j.
1
Let w(b) = -2*b - 10. Let x be w(-6). What is the greatest common divisor of x and 8?
2
Let y be (-1 - 1) + 70 + 7. Calculate the greatest common divisor of 30 and y.
15
Suppose -6*m + 20 = -2*m. Let s be 15*4/(m + -3). What is the greatest common divisor of s and 20?
10
Suppose -7*f + 69 - 13 = 0. Suppose 4*s - 59 = -5*a, 30 = -5*a + 5*s + 80. Suppose -y = -51 + a. Calculate the highest common divisor of y and f.
8
Suppose 2*j - 21 = -5*c, 5*j + 17 - 58 = -c. What is the highest common divisor of 40 and j?
8
Let j(u) = u**2 - 4*u + 2. Let x be j(4). Let k = 7 - x. Suppose -k*n + 5*s + 277 = -38, 124 = 2*n - 3*s. Calculate the greatest common divisor of 13 and n.
13
Let h(f) = -2*f + 2. Let i be h(-7). Calculate the greatest common factor of i and 32.
16
Let p = 4 + 62. What is the greatest common factor of 11 and p?
11
Suppose -4*q + 1 = -3. Let o = -2 + 13. Calculate the highest common factor of q and o.
1
Suppose 0 = 180*q - 181*q + 28. Let r(a) = a**2 - 3*a - 3. Let v be r(5). What is the greatest common divisor of v and q?
7
Let r = 18 - -6. Let f = -16 + 32. What is the greatest common factor of r and f?
8
Suppose -3*c + 1 = -r - c, 2*r - 3*c = 0. Suppose 0 = -r*v + 58 + 5. What is the greatest common divisor of v and 21?
21
Let f be (-4)/(-18) + 212/18. Calculate the greatest common divisor of 4 and f.
4
Let k be (-128)/(-72) - 4/(-18). Let z be 21/k*48/9. Suppose -12 - 28 = -5*b. What is the highest common factor of z and b?
8
Let j = -19 + 59. What is the greatest common factor of j and 5?
5
Let r = -21 - -41. What is the greatest common divisor of r and 140?
20
Let v be (-3)/((-6)/4) + 14. What is the greatest common divisor of v and 144?
16
Suppose -u + 6 = -2*u. Let k(i) = -3*i - 9. Let r be k(u). Calculate the highest common divisor of 45 and r.
9
Let f(a) = -5*a + 25. Let c be f(-4). Calculate the highest common factor of c and 15.
15
Suppose 7*k - 3*f = 2*k + 17, -3*k = -5*f - 23. Suppose -m + k = 22. Let d be ((-54)/m)/((-1)/(-7)). What is the highest common divisor of d and 27?
9
Suppose j + j = -n + 128, 0 = 3*j - n - 192. Calculate the greatest common factor of 16 and j.
16
Let k = 61 + -36. Let a = -1 + k. Calculate the highest common factor of a and 16.
8
Suppose n + 6 = 4*n. Suppose -n*x - x + 688 = v, 4*x - 949 = 5*v. What is the greatest common div